l + 2. What is the units digit of d/(-3)*(-4 - 5)?
6
Suppose -6 + 3 = -3*x - 3*b, -4*x = 5*b - 2. Suppose x*u - u = -n - 4, -45 = -5*n + 3*u. Suppose -4*i = -n*i + 42. What is the tens digit of i?
2
Let h = -3 + 4. Let o be (12/8)/(h/2). Suppose o*c - r = 13, 0 = c - 0*r + 2*r - 9. What is the units digit of c?
5
Let v = 23 + 22. Let p = v + -93. What is the units digit of ((-18)/8)/(9/p)?
2
Suppose 8 = n + 3*n. Let y be (n/2)/(1/6). What is the units digit of ((-3)/9)/((-2)/y)?
1
Suppose 1 - 7 = 2*u, 0 = -w + 5*u + 18. What is the units digit of w?
3
Let q(r) = 6*r**2 + 3*r - 7. What is the tens digit of q(-3)?
3
Suppose 2*h + 0*i = -3*i + 31, -5*h + i = -103. What is the tens digit of h?
2
Let v(o) = o + o**2 - 3 - 2*o**2 - o - 6*o. Let w be v(-3). Let q = w - 5. What is the units digit of q?
1
Let u = -3 - -30. What is the tens digit of u?
2
Let l(s) = -2*s - 9. Let y be 1/(2 + -4 + 3). Let c = -7 + y. What is the units digit of l(c)?
3
Let f = 8 + -6. Suppose 4*x = f*g - 10, 2*g - 4*x = g + 7. Suppose 3*t - 35 = -5*r, -5*r + 45 = g*t + t. What is the units digit of t?
0
Let h(o) be the first derivative of -o**3/3 - 3*o**2 + 2. What is the units digit of h(-5)?
5
Suppose -2*q + 3*q - 25 = -4*u, -3*q - u = -42. Suppose -5*z + q = 3. Suppose r - z - 16 = -3*y, 5*y = 25. What is the units digit of r?
3
Suppose -2*g - 17 = -3*k, -4*g + 6*k = k + 33. Let l = 16 + g. What is the units digit of l?
9
What is the tens digit of (-24)/(-20)*50/2?
3
Suppose -2*z = z - 51. What is the units digit of z?
7
Let z = -7 + 7. Suppose z = -3*y + 4*y - 12. What is the tens digit of y?
1
Let c = 32 - 74. Let o = -21 - c. What is the tens digit of o?
2
Let u(z) = z**3 - 6*z**2 + 6*z + 3. Let h be u(5). Suppose x + h = 2*x. What is the units digit of x?
8
Suppose -3*y - 5*z + 74 = 0, -3*y + 2*z = -2*y - 43. What is the units digit of y?
3
Suppose -d - 65 = 4*d. Let y = d + 19. Suppose 2*u = u + f + 4, -5*f - y = 2*u. What is the units digit of u?
2
Let z = -23 + 47. What is the units digit of z?
4
Let m(k) = -k**2 + k + 2. Let j be m(0). Suppose -2*v + 21 = a, -j*a - v + 39 = -0*v. What is the units digit of a?
9
Let z(m) = 2*m**2 - 2*m + 12. What is the units digit of z(5)?
2
Let z(i) = i**2 + 6*i - 8. Let v be z(-6). Let l = 11 + v. Suppose -f = -2*f + l. What is the units digit of f?
3
Suppose -3*f + 3 + 7 = g, -5 = 2*f + 3*g. Suppose -f*i - 7 = -3*z, -2*z + 22 = 2*i + 3*z. What is the units digit of i?
1
Let z(c) = -c**3 - 4*c**2 - 4*c - 2. Let i be z(-4). Let k = i - 0. What is the units digit of k?
4
Let g(d) = d**2 + 8*d + 17. What is the units digit of g(-12)?
5
Let w(b) = 9*b**2 - 3*b + 2. Let y be w(2). Suppose 0*q - 3*q + 3*r + 30 = 0, -5*q - r = -y. What is the units digit of q?
7
Let f(r) = r + 6. Let u be f(-6). Let h = u + 0. Suppose 5*n + y + 10 = 53, h = 3*y - 9. What is the units digit of n?
8
Let n(l) = -l**3 + l**2 - l + 4. Let w be n(0). Suppose -3*u - 2*i + 3 - 1 = 0, -2*i - 26 = -4*u. Suppose 12 + u = w*d. What is the units digit of d?
4
Suppose -a = -4*k + 333, 2*k + 2*k - 3*a = 327. What is the units digit of k?
4
Let c = 197 + -107. What is the units digit of c?
0
Suppose -5*l = i - 6*i, 0 = -l + 2*i. Suppose l*p - p = -6. What is the units digit of p?
6
Let t(h) = h**3 + 3*h**2 - 2*h - 1. Let d be t(-3). Suppose k + d*o = 0, -37 - 5 = -2*k + 4*o. What is the tens digit of k?
1
Let b be (-2)/(-6)*0 + 2. Suppose -b*w = 2*m - 2, 5*w - 2 = 3*w + m. What is the units digit of w?
1
Suppose 0 = 4*w - 459 - 101. What is the hundreds digit of w?
1
Let o(f) = -f**2 + 6*f - 1. Let z(h) = -h**3 - 5*h**2 + 5*h - 1. Let u be z(-6). What is the units digit of o(u)?
4
Let i be -1*(-2*2 - -1). What is the units digit of i + -3 + 2 + 1?
3
What is the hundreds digit of ((-654)/(-9))/(18/27)?
1
Let j = 5 - 0. Suppose -j*u + 169 = -1. What is the tens digit of u?
3
Let g(b) = 44*b. Let v(p) = -9*p. Let l(n) = 5*g(n) + 24*v(n). What is the units digit of l(5)?
0
Let z(t) = 4*t - 1. What is the units digit of z(8)?
1
Suppose 3*c = -4 + 31. What is the tens digit of c*2/18*39?
3
Suppose y - 15 = b, 3*b - 2*y - 3 = -49. What is the units digit of ((-93)/(-12))/((-4)/b)?
1
Let f(t) = 5*t - 4. Let g be f(-4). Let w = -13 - g. What is the tens digit of w?
1
Let k = -2 - -4. Suppose -k*a = -4*l - a + 39, 4*a + 12 = 0. What is the units digit of (-1 + l/6)*2?
1
Let y = 69 + -47. What is the tens digit of y?
2
Suppose 0 = 2*a + m - 5 + 12, 0 = -2*m - 2. Let l(j) = -2*j**2 - 3*j + 1. Let f be l(a). Let t(v) = v**3 + 7*v**2 - 9*v - 2. What is the units digit of t(f)?
6
Let o(c) = -36*c - 38. What is the hundreds digit of o(-11)?
3
Let y(m) = -m**3 + 6*m**2 + m + 3. What is the tens digit of y(5)?
3
Let q(m) = 3*m**2 + 7*m + 1. What is the hundreds digit of q(7)?
1
Let m(f) = 6*f - 8. What is the units digit of m(6)?
8
Let l(f) = 17*f - 1. Let t = 10 + -9. What is the tens digit of l(t)?
1
Let h(i) = -3*i - 14. What is the units digit of h(-10)?
6
Suppose -4*z = z - 10. Suppose -3*u = z*u - 15. What is the units digit of u?
3
What is the units digit of (-4)/(-26) - 427/(-13)?
3
Suppose 8*g = 37 + 651. What is the tens digit of g?
8
Let l(z) = 1 + 17*z - 2 + 2. Let f = 2 + -1. What is the units digit of l(f)?
8
What is the tens digit of ((-3068)/39)/(3/(9/(-2)))?
1
Let c(b) = b + 12. Let h = -6 + 6. What is the tens digit of c(h)?
1
Suppose 5*d - g = 464, 4*g = -3*d - 2*d + 469. Suppose -z + 24 = l, 4*z + 0*l - d = -3*l. What is the tens digit of z?
2
Let r = 22 - -6. What is the units digit of (r/8)/((-1)/(-2))?
7
Let c = 24 + -40. What is the units digit of c/(-40) + 73/5?
5
Let c = 9 + -1. Let r(f) = 2*f - 7. Let j be r(c). Suppose 36 = 5*w - j. What is the units digit of w?
9
Suppose -18*y + 7956 = 2232. What is the units digit of y?
8
Let l be (1 + 0)*(-70)/(-7). Let s = -7 + l. What is the units digit of 1/((-87)/30 + s)?
0
Suppose 0 = -3*f + 9 + 6. Suppose 0 = f*a + 5 - 0. What is the units digit of (-2)/a - 1 - -2?
3
Let z(a) = 3*a - 2. Let j be z(2). Let i = -5 + j. What is the units digit of i - -1*(2 + 3)?
4
Let y(p) = p - 7*p**2 + 3*p + 3*p + p**3 + 1 + 0. Let s(j) = 6*j. Let f be s(1). What is the units digit of y(f)?
7
Let i be 1*14*(-3)/(-6). Suppose -i*p = -3*p - 40. What is the units digit of p?
0
Let b = -28 - -58. What is the units digit of b?
0
Let z(o) = o**2 - 6*o - 6. Let w be z(6). Let b(a) be the first derivative of -a**4/4 - 5*a**3/3 + 3*a**2 + 4*a - 9. What is the units digit of b(w)?
4
Suppose -2*y + t + 1 = 0, -3*y + 19 = -6*t + t. What is the tens digit of y/4 + 146/4?
3
Let x = 65 + -44. What is the tens digit of x?
2
Let r(d) = -d**3 + 8*d**2 - 2*d + 5. Let n be r(6). Suppose 7 + n = 3*a. What is the units digit of a?
4
Suppose -g = 4 - 2. What is the units digit of 4 + 0 + g/2?
3
Suppose 0 = 4*v - 4*h + 2*h - 190, -34 = -v + 5*h. What is the tens digit of v?
4
Let t be -5 - (-1 + (0 - -1)). Let j be 1 + -1 - (t - 0). Let g = -3 + j. What is the units digit of g?
2
Let c = 2 - 1. Let o be (6 - 6)/(-3 + c). Suppose -6 + o = -q. What is the units digit of q?
6
Suppose -2*y + 3 = -y. Let a(k) = -3*k**2 + 2*k**y - 1 - k**3 - 4*k**2 - 8 + 9*k. What is the units digit of a(6)?
9
Suppose 0 = -0*b + b - 5. Suppose b*f - 17 = 4*z - 0, 0 = -4*z + 8. Suppose 4*y + 50 = 5*u, u + 1 = -3*u - f*y. What is the units digit of u?
6
Suppose -10 = -p + 19. What is the tens digit of p?
2
Let s(f) = -6 - 14*f + 11*f - 5. What is the units digit of s(-9)?
6
Let w(n) = -10*n + 5. Let f be w(4). Let i = f - -61. What is the tens digit of i?
2
Let r(y) = 18 - 7 - 11 + 2*y**2 - y - 4. What is the units digit of r(-2)?
6
Let z = -18 - -8. Let q = z + 14. What is the units digit of q?
4
Let b(d) = 4*d**3 + d - 1. Let a = 7 + -11. Let n be (a/6)/((-4)/6). What is the units digit of b(n)?
4
Let n be ((-12)/20)/(3/(-15)). Suppose n = -3*o - y + 5*y, -2*o = -y - 3. What is the units digit of o?
3
Let h = 48 - 30. What is the tens digit of h?
1
Let q(j) = 6*j. Let g(u) = -11*u - 1. Let i(k) = -2*g(k) - 5*q(k). Let w be i(2). Let a = w - -21. What is the units digit of a?
7
Suppose 0 = 4*m + 7 + 5, 0 = -2*a - 5*m + 13. Let g = -10 + a. What is the units digit of g?
4
Let u = 107 - 60. What is the units digit of u?
7
Suppose -26 = -4*c + 34. Let d = c - 11. Suppose d + 0